 - 93 = 22*n. What is t(n)?
-8
Let x = 11 - 6. Let s(u) = x + u + u - 3*u**3 + 2*u**3 + 3*u**2. Determine s(4).
-3
Let t(i) = i**2. Let c be (4/4 + 0)*2. Determine t(c).
4
Let u(s) = -s**3 - s**2 - 3*s - 3. Suppose 0 = 4*z - 5*c + 6, -3*z = -z + 3*c + 14. Let v = 0 + z. Let f be v/6 - (-4)/(-3). Give u(f).
7
Let o(s) = -s - 2. Let g be o(4). Let p = -15 - -10. Let j(k) = -2*k**2 - 12*k - 7. Let n(a) = -a**2 - 6*a - 3. Let c(d) = p*n(d) + 3*j(d). What is c(g)?
-6
Let q(n) be the second derivative of n**4/12 + n**3 - 7*n**2/2 + 13*n. What is q(-5)?
-12
Let k(i) = 4*i**2 - 3*i + 1. Let o(y) = -2*y**3 + y**2 + 3*y + 2. Let n be o(-1). Determine k(n).
11
Let u be ((-9)/(-6))/((-6)/(-8)). Suppose u*b = b + 4. Let l(v) = -v**3 + 4*v**2 - 5. Give l(b).
-5
Let k(j) = 29 + 3*j**2 - 4*j**2 - j - 27. Calculate k(2).
-4
Let v = 121 + -121. Let d(b) be the third derivative of -1/60*b**5 + 1/4*b**4 + 4*b**2 + 2/3*b**3 + v + 0*b. Give d(6).
4
Let g(x) = -x**3 - 7*x**2 - 4*x + 6. Let w = 1 + 4. Let p = -3 + w. Suppose 24 = -3*n - p*f, -3*n - 7 - 26 = 5*f. Calculate g(n).
-6
Let y(m) = -3*m**2 - m. Let p be y(-1). Let s = p - 3. Let b(t) = -t**2 - 4*t + 7. What is b(s)?
2
Let x = 4 - 0. Suppose b - 14 = 5*j - x, j + 2 = 2*b. Suppose -m + 30 = 5*d - 3*m, b = -2*m - 10. Let z(s) = -3*s + 1. Calculate z(d).
-11
Let f(g) be the first derivative of 1 - 4*g**2 - 6*g + g + 4*g. Calculate f(1).
-9
Let s(v) = v - 4. Let y be s(4). Let g be (2*-2)/(-4)*y. Let t(z) = z - 7. Calculate t(g).
-7
Let s(q) = -4*q + 6*q - 3*q + 3. Let d(a) = a**3 + a**2 + a + 1. Let j be d(-1). Let x be (j/(5 + -2))/(-2). What is s(x)?
3
Let y = -1 + 3. Suppose 0 = 2*p + 4*q - 32, -6*p + 19 = -y*p - q. Let z = 5 - p. Let v(r) = -6*r**3 + r**2 + r. Give v(z).
6
Let h(q) = q + 1. Suppose -4*s - 12 = -7*s. Calculate h(s).
5
Let b be -2 + 5/(15/(-9)). Let l(c) = -4*c**3 + 5*c**2 + 1. Let j(q) = -3*q**3 + 4*q**2 + 1. Let t(h) = b*l(h) + 6*j(h). Determine t(-1).
-2
Suppose 8*u - 38*u = -90. Let q(s) = -4*s + 4 + 0*s - 2. Calculate q(u).
-10
Let a(r) = r**3 + 3*r**2 + 2*r - 1. Let n = 52 - 55. Determine a(n).
-7
Suppose 4*d + 19 = 3*k - 4*k, 4*k = -5*d - 10. Let a(v) = v**3 + 5*v**2 - 4*v + 8. Let f be a(d). Let j(h) = 1 + 3*h + 1 + 3*h + h**2. What is j(f)?
-6
Let a(d) be the third derivative of d**7/840 + d**6/120 - d**4/6 + d**3/3 + 2*d**2. Let x(t) be the first derivative of a(t). Give x(-3).
-4
Let u(x) = -13*x + 2*x + 9*x + 1 + 2. What is u(6)?
-9
Suppose -9 - 11 = -4*y. Let d(x) = -3 - 3 + y + x + 5. Calculate d(-4).
0
Suppose 0 = 4*d - 0 - 8. Suppose 30 = 5*g + 5*s, d*g - 5 = -s + 4. Suppose 10 = g*i - i. Let x(m) = -m + 7. Calculate x(i).
2
Let a(z) = 2*z - 13. Suppose y + 3*t = -5, -2*t = 20*y - 18*y - 10. Give a(y).
7
Let l(i) = i - 1. Let c(h) = 3*h - 3*h + 0 + 1 - 3*h. Let u(f) = 2*c(f) + 4*l(f). Determine u(-4).
6
Let f(r) = r**3 + 6*r**2 - 7*r - 6. Let p(q) = 5*q + 23. Let l be p(-6). Give f(l).
-6
Let c(z) = -z**3 + 6*z**2 - 4*z - 2. Let u be c(5). Let n(v) = -v**3 + v**2 + 4*v - 1. Determine n(u).
-7
Let d(y) = y**3 - y**2 - 5*y - 3. Let w be d(3). Let x(a) = a + 12. Give x(w).
12
Let m(j) be the second derivative of j**5/20 + j**4/4 + j**3/6 + 2*j**2 - 6*j. What is m(-3)?
1
Suppose 0*v - a = 2*v + 10, -4*v - 8 = -a. Let u(h) = 2*h - 7. Let s(i) = 0 + 5*i - 13 - 2*i. Let k(m) = v*s(m) + 5*u(m). Give k(-2).
2
Let u(a) = -3*a**3 - 2*a**2 - 2*a - 1. Suppose 3*r = -3*x - 15, 0 = -5*x + 4*r - r + 7. Determine u(x).
2
Let n(g) be the second derivative of 0*g**2 + 1/10*g**5 + 0 + 0*g**4 - 2*g - 1/6*g**3. Let u = 2 - 3. What is n(u)?
-1
Let d(c) = -18*c**2 - c + 1. Let u(j) = -91*j**2 - 5*j + 5. Let m(t) = -11*d(t) + 2*u(t). Calculate m(1).
16
Let m(w) = w**2 + 3*w - 2. Suppose 0*n + 14 = -2*n + 4*j, 0 = -2*n + 5*j - 15. Calculate m(n).
8
Let i(v) = -v**2 + 6*v - 1. Let w be i(5). Suppose d - 7 = -w*r + 6, 0 = -3*r + 3*d - 9. Let n be r/(-1)*(1 - 0). Let q(m) = 4*m + 3. What is q(n)?
-5
Let n(l) = l - 4. Let p(h) = 3*h - 2*h**2 - 4*h + 3*h. Let z be p(2). Give n(z).
-8
Suppose 2*f + f = -m + 7, m = -f + 5. Let t be ((-6)/m)/((-9)/12). Let s(g) = -t*g + g + 0*g + 2 - 5*g**2 - g**3. Calculate s(-4).
-10
Let j(l) be the first derivative of l**3/3 - l**2 - 2. Let r(v) = -v**2 + v + 1. Let z(p) = -p + 6. Let i be z(6). Let m be r(i). Give j(m).
-1
Let z = -33 + 28. Let o(j) = j**3 + 6*j**2 + 2*j + 1. Determine o(z).
16
Let x(n) be the third derivative of -n**5/60 - n**4/6 + 2*n**3/3 + n**2 + 4*n. What is x(-4)?
4
Let m be (-4)/(-22) - (-126)/33. Let f(o) = o**3 + m*o**3 - 4*o**3 - 2*o**3. What is f(-1)?
1
Let s(v) = 9*v**2 - 10*v**2 + v**2 + v**2 - 3*v. What is s(3)?
0
Let g(v) = v**3 - 8*v**2 + 8*v - 5. Let o be g(7). Let r(z) be the second derivative of -z**o + 0 - z - 1/6*z**3. What is r(-1)?
-1
Let u(n) be the first derivative of -n + n**2 - 1/2*n**4 + 1/3*n**3 - 3. Determine u(2).
-9
Let u(t) = 0*t - 2 - 4*t + 4. Let l(i) = -i**2 + 10*i - 7. Let j be l(9). Give u(j).
-6
Let r(v) = -v**2 + 2. Let x be r(2). Let m(g) = -4*g + 0*g + 1 + 3*g. Give m(x).
3
Let a be 602/126 + 4/18. Let y(v) = -v**2 + 5*v. Calculate y(a).
0
Let y(j) = 14*j**2 - 7*j - j**3 + 15*j**2 + 10*j**2 + 5 - 33*j**2. Determine y(5).
-5
Let a(v) = -v**3 + 5*v**2 + v + 4. Let p(u) be the first derivative of u**2/2 - 2*u - 3. Let x be p(-6). Let m be 2/(-8) - 42/x. Give a(m).
9
Let i(p) = 2*p + 1. Suppose 5*c = -5*m - 7 - 8, -4*m - 2*c - 10 = 0. What is i(m)?
-3
Let p = 30 - 33. Let n(b) = 3*b + 1. What is n(p)?
-8
Let w = -12 - -19. Suppose w*l - 9*l = 8. Let b(r) be the second derivative of -r**5/20 - r**4/4 + 2*r**3/3 - r**2/2 - 3*r. Determine b(l).
-1
Let d(b) be the second derivative of b**5/10 - b**4/4 + b**3/3 + b**2/2 - 18*b. What is d(2)?
9
Let v = -4 - -4. Suppose 3*r = -v*r. Let t(m) be the third derivative of -m**5/60 - m**4/24 + 4*m**3/3 - m**2. Calculate t(r).
8
Suppose -5 = 4*z + 3. Let l = 7 + z. Let h(c) = -3*c + 2. Calculate h(l).
-13
Suppose 0 = 3*v - 2*v. Suppose 3*c - 2*c = 11. Let o(s) = s**2 + 0*s**2 + s**3 + c - 2*s**3 + 0*s**2. Calculate o(v).
11
Let s be -1 + (-17)/4 - (-12)/48. Let n(c) = -c**2 - 6*c + 1. What is n(s)?
6
Let g(w) be the second derivative of w**3 + w**2/2 - 9*w. Give g(-1).
-5
Let b(u) be the third derivative of -u**4/4 + 7*u**2. What is b(-1)?
6
Let j(b) be the second derivative of -b**3/6 - b**2/2 + b. Let q = -1 + 1. Let y = q + 5. Determine j(y).
-6
Let d(g) = g**2 - 10*g + 11. Let i be d(9). Suppose 0*u - 2 = -i*u. Let m(a) = -6*a**2 - 1. What is m(u)?
-7
Let u be (-69)/21 + 3 + 46/14. Let k(w) = -w**2 + 3*w. Give k(u).
0
Suppose -11 = 17*v + 23. Let d(t) = -3*t**3 - 4*t**2 - 2*t. What is d(v)?
12
Let i be 24/2*(-3)/(-12). Suppose 0 = -7*t + 3*t + 8. Suppose t + 1 = -i*s. Let f(z) = 11*z**2 + z. Calculate f(s).
10
Let d(r) be the second derivative of -r**5/60 - r**4/4 - 7*r**3/6 - 3*r**2/2 - 3*r. Let j(o) be the first derivative of d(o). Determine j(-5).
-2
Let c(x) = x**3 - 6*x**2 + 8*x - 6. Let q = 5 + -3. Suppose -6*a + q*a = -z - 20, 2*a = 8. Let h be ((-2)/z)/(3/30). Calculate c(h).
9
Let m = -5 - 0. Let z(j) be the third derivative of -j**4/24 - j**3/2 - 5*j**2. Give z(m).
2
Let p = -13 + 9. Let o = -3 + 5. Let r(l) = 4*l**o - l**3 + 7 - 7*l**2 + 3*l - 2. Give r(p).
9
Let v(d) = d - 2. Suppose -6*a = -4*a. What is v(a)?
-2
Let z = 4 - -1. Let g(b) be the first derivative of -b**3/3 + 2*b**2 + 4*b + 4. Determine g(z).
-1
Suppose -9 + 30 = 3*n. Let l(o) = o + 11 - 2*o - n. Determine l(4).
0
Let a(c) be the second derivative of -c**3/6 + 7*c**2/2 + 42*c. What is a(-9)?
16
Let w(o) = -4*o**2 - 2 - o**3 + 2*o**3 - 4*o + 1. Let j(f) = 15*f. Let d be j(1). Let n = -10 + d. Give w(n).
4
Let o(b) = 3*b + b - 2*b + 8 - b. Suppose 5*h = 6*h + 6. Determine o(h).
2
Let m(n) = 2 - 4*n + 0*n + 3*n. Let o(s) = -s**3 - s + 1. Let q(i) = 6*i**3 - 5*i**2 - 8. Let a(v) = 5*o(v) + q(v). Let k be a(6). What is m(k)?
-1
Let s = 0 + 2. Let x(b) = b - s*b**2 - 4*b + 7*b + 1. Let o be (-10)/(-3) + (-1)/3. What is x(o)?
-5
Let d(a) = -a + 5*a**3 - 3*a**2 + 4*a**3 - 4 - 8*a**3 + 0*a**3. What is d(3)?
-7
Let f(s) = -s**3 + 6*s**2 + s + 10. Let g(b) = -b**3 + 5*b**2 + b + 10. Let o(u) = -6*f(u) + 7*g(u). Give o(0).
10
Let p(t) = -4 + 4*t - 3*t**3 - 3*t + 4*t - 6*t**2 + 4*t**3. Calculate p(5).
-4
Let f